{"id":137,"date":"2015-12-14T14:40:56","date_gmt":"2015-12-14T13:40:56","guid":{"rendered":"http:\/\/web171.c6.webspace-verkauf.de\/wp1\/?page_id=137"},"modified":"2025-10-21T15:55:31","modified_gmt":"2025-10-21T13:55:31","slug":"make-up-workshop","status":"publish","type":"page","link":"https:\/\/wexeler.de\/?page_id=137","title":{"rendered":"Make up Coaching"},"content":{"rendered":"<div class=\"wpb-content-wrapper\"><p>[vc_row][vc_column][vc_column_text css=&#8220;&#8220;]<strong>Erfahren Sie die neuesten Trends<\/strong><\/p>\n<ul>\n<li><strong>Augenbrauen formen<\/strong><\/li>\n<li><strong>Der perfekte ebenm\u00e4\u00dfige Teint<\/strong><\/li>\n<li><strong>Tages Make up<\/strong><\/li>\n<li><strong>Abend Make up <\/strong><\/li>\n<li><strong>Glamour Make up<\/strong><\/li>\n<li><strong>Perfekte Lippen<\/strong><\/li>\n<\/ul>\n<p><strong>Dauer ca &nbsp;2,5 h&nbsp;&nbsp;&nbsp;&nbsp;&nbsp; <\/strong><\/p>\n<p><strong>wo? &nbsp; &nbsp;Lurheck 12, 53359 Rheinbach<\/strong><\/p>\n<p><strong>Termine nach Vereinbarung Mo-Sa f\u00fcr ein ma\u00dfgeschneidertes Make-up mit Vorher-Nachher-Foto f\u00fcr 119,00 \u20ac (max 5 TN) mit T\u00f6chtern, Freundinnen, Kolleginnen oder Mitarbeiterinnen<\/strong><\/p>\n<p>&nbsp;<\/p>\n<p>&nbsp;<\/p>\n<p><a href=\"http:\/\/wexeler.de\/wp-content\/uploads\/2015\/12\/IMG_0049.jpg\"><img loading=\"lazy\" decoding=\"async\" width=\"300\" height=\"200\" class=\"size-medium wp-image-174 aligncenter\" src=\"http:\/\/wexeler.de\/wp-content\/uploads\/2015\/12\/IMG_0049-300x200.jpg\" alt=\"IMG_0049\" srcset=\"https:\/\/wexeler.de\/wp-content\/uploads\/2015\/12\/IMG_0049-300x200.jpg 300w, https:\/\/wexeler.de\/wp-content\/uploads\/2015\/12\/IMG_0049-1024x683.jpg 1024w\" sizes=\"auto, (max-width: 300px) 100vw, 300px\" \/><\/a><br \/>\n&nbsp;<\/p>\n<p>&nbsp;[\/vc_column_text][\/vc_column][\/vc_row][vc_row][vc_column][vc_single_image image=&#8220;296&#8243; img_size=&#8220;large&#8220; alignment=&#8220;center&#8220; css=&#8220;&#8220;][\/vc_column][\/vc_row]<\/p>\n<\/div>","protected":false},"excerpt":{"rendered":"<p>[vc_row][vc_column][vc_column_text css=\"\"]Erfahren Sie die neuesten Trends\n\n \tAugenbrauen ...<\/p>","protected":false},"author":1,"featured_media":0,"parent":0,"menu_order":0,"comment_status":"open","ping_status":"open","template":"","meta":{"footnotes":""},"class_list":["post-137","page","type-page","status-publish","hentry"],"_links":{"self":[{"href":"https:\/\/wexeler.de\/index.php?rest_route=\/wp\/v2\/pages\/137","targetHints":{"allow":["GET"]}}],"collection":[{"href":"https:\/\/wexeler.de\/index.php?rest_route=\/wp\/v2\/pages"}],"about":[{"href":"https:\/\/wexeler.de\/index.php?rest_route=\/wp\/v2\/types\/page"}],"author":[{"embeddable":true,"href":"https:\/\/wexeler.de\/index.php?rest_route=\/wp\/v2\/users\/1"}],"replies":[{"embeddable":true,"href":"https:\/\/wexeler.de\/index.php?rest_route=%2Fwp%2Fv2%2Fcomments&post=137"}],"version-history":[{"count":20,"href":"https:\/\/wexeler.de\/index.php?rest_route=\/wp\/v2\/pages\/137\/revisions"}],"predecessor-version":[{"id":297,"href":"https:\/\/wexeler.de\/index.php?rest_route=\/wp\/v2\/pages\/137\/revisions\/297"}],"wp:attachment":[{"href":"https:\/\/wexeler.de\/index.php?rest_route=%2Fwp%2Fv2%2Fmedia&parent=137"}],"curies":[{"name":"wp","href":"https:\/\/api.w.org\/{rel}","templated":true}]}}